 + 42*x - 47. Let k(y) = -7*y**2 - 8*y - 7 - 5*y**2 + 18*y**2 - 7*y**2. Calculate k(i).
-16
Let h(y) be the first derivative of -1/3*y**3 + 59 - 7*y - 4*y**2. Determine h(-8).
-7
Let q(x) = x**3 - 16*x**2 + 26*x + 24. Suppose -2498*w + 1176 = -2414*w. Calculate q(w).
-4
Let p = 34 + -19. Let f be p/(-20)*(-8)/3. Let s(y) = 18 - 17 - 2*y + 2*y**f - 6*y**3 + 4*y. What is s(-1)?
7
Let h(u) = u**3 + 4*u**2 - 3*u - 5. Let i be 2/2 - (15/12 + (-884)/208). Determine h(i).
111
Suppose 5*h = 2*l + 34 - 5, -32 = 3*l + 4*h. Let g(r) = -13*r - 6 + 33*r - 9 - 21*r. Determine g(l).
-3
Let w(l) = l**2 + 2*l. Let m be w(-3). Let z(d) = -24*d - 1 - 21*d + 108*d - 40*d - 22*d. What is z(m)?
2
Suppose -4*x + 5*x = 4. Let i(r) = 6*r**2 + 5*r**2 - 7*r**2 - 1 - 4*r + 4 + 0*r - r**3. Calculate i(x).
-13
Let x(s) = 49*s - 15*s - 20*s - 1. Let r(f) = -2*f - 31. Let m = -99 - -84. Let j be r(m). Give x(j).
-15
Suppose 3*l = 9*l. Let t(d) = d**2 + 15*d - 11. Let z(h) = -2*h**2 - 28*h + 21. Let f(q) = 11*t(q) + 6*z(q). Calculate f(l).
5
Suppose 39*p - 923 = -845. Let w(v) be the second derivative of -v**p + 1/12*v**4 + 0 + 5*v + 2/3*v**3. Calculate w(-6).
10
Let x(m) = m**2 + 19*m - 2. Let a(s) = 7*s - 40. Let u be a(3). Calculate x(u).
-2
Let l(c) = -18*c + 199. Let n be -2*((-8)/2 - (-34 - -25 - -10)). Give l(n).
19
Let o = 458 - 456. Let b be (38/19)/(o/6). Let y(a) = a**3 - 4*a**2 - 3*a - 3. Give y(b).
51
Let v(r) = 123*r + 107*r**2 - 123*r - 48*r**2 - 42*r**2 - r**3 - 18. Give v(17).
-18
Let m be 12/(-2)*(-8)/(-6). Let n(c) = c**3 - 106 + 5*c**2 - 99 - 7*c + 2*c**2 + 211. Give n(m).
-2
Let y(k) = -k**2 + 3*k - 3. Let w(s) = -2*s**2 + 8*s - 8. Let f(n) = 3*w(n) - 8*y(n). Let m(c) = -11*c**2 - 7*c - 8. Let b(p) = 6*f(p) + m(p). Give b(8).
0
Let r(k) = -11*k**2 + 9*k - 73. Let t(z) = 5*z**2 - 4*z + 32. Let d(f) = -9*r(f) - 20*t(f). Calculate d(-6).
-13
Let z = 6850 - 6847. Let x(g) = 3*g**2 + g + 2. Let q(f) = 8*f**2 + 3*f + 5. Let h(l) = -6*q(l) + 17*x(l). What is h(z)?
28
Suppose 0 = 4*b - 2*r + 216 - 126, -99 = 4*b + r. Let v(o) = -2*o**3 - 48*o**2 - 4. Calculate v(b).
-4
Let r(m) = 5*m + 1. Let h = -61 + 56. Let k(j) = -j**3 - 3*j**2 + 11*j + 6. Let b be k(h). Let a be (4*3/(-6))/(b - 3). Give r(a).
6
Let p(h) be the third derivative of h**5/60 + h**4/4 - h**3/6 + h**2. Let u(a) = -56 + 5*a + 27 + 61 + 116. Let b be u(-31). What is p(b)?
6
Let y = -59820 - -59826. Let u(g) = -5 + g - 2 - 2. Calculate u(y).
-3
Let f(y) = y**3 + 13*y**2 - 16*y - 15. Let a be (-1)/(108/(-3192) - -2*(-2)/(-38)). What is f(a)?
13
Suppose -6*w + w - 3*c + 19 = 0, 2 = -c. Suppose w*y - 7*y = 10. Let j(s) be the third derivative of -s**5/60 - s**4/24 - s**3 - 2*s**2. Determine j(y).
-26
Suppose 4*z = -3*j - 27 + 91, 0 = -j + 4. Suppose 0 = -y + 4*m + z, -3*y + m = -28. Let s(i) = -i**3 + 8*i**2 + 12*i + 11. What is s(y)?
38
Let p = -92 + 95. Suppose -3*d - 18 = -p*l, -3*d + 3 = 4*l - 0*d. Let u(b) = -l + 7*b**2 - 30*b + 31*b - 8*b**2. What is u(-4)?
-23
Let v(w) = 19*w + 12. Let d(a) = 6*a + 4. Let l(z) = -8*d(z) + 3*v(z). Let m be (15/(-75))/(3/(-60)*1). Give l(m).
40
Suppose 20 = 2*t - 50. Let z = -67 + t. Let c = z + 38. Let u(i) = -i + 2. Calculate u(c).
-4
Let i(c) be the third derivative of 11*c**4/24 - 13*c**3 - 81*c**2. Let t be i(7). Let h(w) = -13*w. Determine h(t).
13
Let g(s) be the second derivative of 5*s**3/2 - 69*s**2/2 - 8139*s. What is g(5)?
6
Let f(d) be the second derivative of -74*d - 1/6*d**3 + 7/2*d**2 + 0. What is f(-6)?
13
Suppose -u = 4*u + 2*h - 28, -4*h + 20 = u. Let n(z) be the third derivative of -z**4/8 + z**3 - 111*z**2 - 5. Calculate n(u).
-6
Let g be (1 - 6/9) + (-44)/(-12). Let o(p) = 2*p + g*p + p**3 + 9*p**2 - 12 - 17*p. Let l(s) = -s - 4. Let f be l(6). Give o(f).
-2
Let v(g) = 7*g**2 - 2053*g + 2*g**2 + 9*g**2 - 3*g**2 + 2054*g - 6. Determine v(2).
56
Let q(j) = j**3 + 7*j**2 + j - 2. Let x(r) = r**3 + 19*r**2 + 33*r - 12. Let y be x(-17). Suppose b + y*l - 9 = 9, -9 = 2*b + l. Give q(b).
-9
Let p be ((-2)/(-6))/(3 + 1168/(-384)). Let g(t) = -t**2 + t. Determine g(p).
-72
Let l(b) = 91*b**3 + 17*b**2 - 28*b + 37. Let o(x) = 45*x**3 + 8*x**2 - 13*x + 17. Let j(c) = -6*l(c) + 13*o(c). Calculate j(1).
39
Suppose -3 = -5*a + 3*m, 4*m = 4*a - a - 4. Let c(q) = -5*q + a*q + 6*q + 12. Give c(0).
12
Let q(z) = z**3 - 11*z**2 + 8*z + 9. Let r be (16 - -2)*2/10*(-50)/(-20). What is q(r)?
-81
Let o = 2 - 11. Let r(s) = -4742*s - 4736*s + 15 - 4734*s + 14213*s. Let h be r(o). Let u(i) = i**2 - 5*i + 3. Calculate u(h).
9
Let k(q) = -87*q**2 + 1. Suppose h - y + 4 = 0, -5*h - 15 = 55*y - 59*y. Determine k(h).
-86
Let a(i) = -57*i - 8080. Let j be a(-142). Let t(r) = -2*r**2 + 24 + 2*r**2 + r**2 - 16*r. Determine t(j).
-4
Let b(r) be the first derivative of -156 + 7/3*r**3 - 7/2*r**2 + 3*r + 1/4*r**4. What is b(-8)?
-5
Let s(r) = 16*r + 194. Let y be s(-12). Let a(c) = 9*c**3 - 27*c + 3*c**y - 4*c**2 + 50*c - 22*c. Give a(1).
9
Let s be 29 + ((-1)/4)/((-7)/28). Suppose i = 2*g + 15, 3*g + s = -2*g + i. Let d(m) = -2*m**2 - 5*m + 7. Determine d(g).
-18
Let i(r) be the first derivative of -r**6/360 + r**5/20 - r**4/24 - 33*r**3 + 15. Let f(j) be the third derivative of i(j). Give f(4).
7
Let u = 38 + -35. Suppose 0 = -2*m + 2*t + 30, 0*m + 51 = 4*m + 5*t. Suppose -u*y - 4 = m. Let j(p) = -p**3 - 5*p**2 + 4*p - 7. Calculate j(y).
5
Let d be (-46)/14 - ((-308)/49 - -6). Let q(c) = -c + 1. Let o(h) = -2*h + 2. Let a(b) = d*q(b) + 2*o(b). Calculate a(-4).
5
Let j(s) = -s**2 + 12*s + 58. Let z be j(-4). Let r(v) = 18*v + 100. Determine r(z).
-8
Let h(u) = u**2 + 18*u + 17. Let j(f) = 6*f**2 + 419*f + 1132. Let g be j(-67). Give h(g).
-60
Let l(o) = 10 - 19*o + 3 + 10*o**2 - 6 + 13. Let w be l(1). Let m(n) = -n**2 + 13*n - 11. Determine m(w).
11
Let d(r) = 3*r + 1. Suppose 2*p - 54 = 2*a, 3*p + 4*a + 42 = 4*p. Let g = 733 - 712. Let z = g - p. What is d(z)?
-2
Let u(y) = y**2 - 5*y - 32. Let s = -2701 - -2710. Calculate u(s).
4
Let q(v) = 29*v**2 - 85*v - 3. Let l be q(3). Let m(t) = -28*t + 8. Give m(l).
-76
Let i(f) = f**2. Let r = 31 - 31. Let q = 108 + -105. Suppose -v = -3*v - 5*l, r = -q*v - 3*l. What is i(v)?
0
Let y(v) = v**2 + 120*v**3 - 121*v**3 - 9 + 11 - 2*v + 0*v. Let o = 370 + -370. Calculate y(o).
2
Let j(m) be the first derivative of -m**5/20 - 7*m**4/8 + 2*m**3/3 + 113*m**2/2 + 149. Let v(i) be the second derivative of j(i). What is v(-7)?
4
Let w(l) = -14*l - 20. Suppose -358*g + 348*g = 50. Determine w(g).
50
Let g(t) = 0*t**2 + 6*t - 25641 + t**2 + 25630. Determine g(-8).
5
Suppose 2*u + 18 = 2*j, -758*u - 39 = -3*j - 753*u. Let t(q) = q**3 - 4*q**2 - 3*q + 16. What is t(j)?
-2
Let q(r) = 10*r - 246. Let p be q(25). Let k(y) be the third derivative of y**5/30 + y**4/24 - 2*y**3/3 + 99*y**2. Calculate k(p).
32
Let p(h) = -h**3 + 3*h**2 - 2*h + 3. Let t(y) = -65*y + 6567. Let n be t(101). Determine p(n).
3
Let w(p) = 3*p + 320 + 11*p - 395. Give w(5).
-5
Let t(x) = x**2 - x - 2. Let b = 47 - -2. Let d be (-3 - (1 - (4 - -4))) + -48. Let n = d + b. Calculate t(n).
18
Suppose -2*h = z - 1, 22*h + 5 = 2*z + 23*h. Let f(g) = -g + 23. Let m(o) = o - 26. Let c(q) = z*m(q) + 4*f(q). What is c(6)?
8
Let g(a) = -524*a**2 + 266*a**2 + 26*a - 36*a + 256*a**2 + 3. Give g(-6).
-9
Let r(n) = -n**3 - 5*n**2 + n + 4. Let t(w) = 5*w**3 + 2*w**2 + 2*w - 10. Let g be t(0). Let o be 10*g/(-15)*9/(-12). What is r(o)?
-1
Let h(c) = c. Suppose r + 2*i + 3 = 0, 0 = -r - i - 4 + 1. Let m(p) = -8*p - 3 + 4 + 6 - 10 + 0. Let b(s) = r*h(s) + m(s). Determine b(-2).
19
Suppose 4*l - 45 = -5*p + 106, -5*p + 155 = 5*l. Let r = 29 - p. Let k(n) = 1 - 3*n**3 + n + 3*n**2 - 3*n**3 - 2*n**r - 6*n**3. What is k(-1)?
13
Let w(y) = -y + 10. Let v be (-55)/2 - (-2)/4. Suppose -4*m - 4*n + 153 = -9*n, 2*m + 4*n = 44. Let z = v + m. Determine w(z).
5
Let l(h) be the third derivative of -h**6/120 + h**5/12 + h**4/12 - 3*h**3 + 5*h**2 - 72*h. Calculate l(4).
6
Let v(o) be the third derivative of -o**4/12 - o**3/6 - 3*o**2 + 5*o + 34. Let p = -8 + 13. Give v(p).
-11
Let d(i) = -i**2 + 34*i - 209. Suppose -55 = -5*p - 3*x, 4*x - 40 = -2*p - 4. Determine d(p).
-1
Let v(x) = 3*x + 4. Let k be 6/(-4)*(5 - 275/33). Suppose 5*t = k*w - 5, 4*w - 5*t - 25 = -8*t. Give v(w).
16
Suppose 0 = 46*j + 2*j + 1